{"id":58,"date":"2015-03-16T09:42:27","date_gmt":"2015-03-16T08:42:27","guid":{"rendered":"http:\/\/eiledemo.serveblog.net:4711\/wordpress\/?page_id=58"},"modified":"2024-02-28T19:37:44","modified_gmt":"2024-02-28T18:37:44","slug":"chronik","status":"publish","type":"page","link":"https:\/\/www.rv-eile.de\/index.php\/chronik\/","title":{"rendered":"Chronik"},"content":{"rendered":"<p>Der Radverein EILE Degerschlacht e.V. wurde urspr\u00fcnglich bereits 1926 gegr\u00fcndet. Am 30. Mai 1930 fand dann eine feierliche Bannerweihe statt, anl\u00e4sslich deren sich die Festgesellschaft zu einem Gruppenfoto versammelte.<\/p>\n<p>&nbsp;<\/p>\n<p><a href=\"https:\/\/www.rv-eile.de\/wp-content\/uploads\/2015\/03\/bannerweihe_19301.jpg\" class=\"grouped_elements\" rel=\"tc-fancybox-group58\"><img loading=\"lazy\" decoding=\"async\" class=\"aligncenter  wp-image-304\" src=\"https:\/\/www.rv-eile.de\/wp-content\/uploads\/2015\/03\/bannerweihe_19301-300x164.jpg\" alt=\"bannerweihe_1930\" width=\"527\" height=\"288\" srcset=\"https:\/\/www.rv-eile.de\/wp-content\/uploads\/2015\/03\/bannerweihe_19301-300x164.jpg 300w, https:\/\/www.rv-eile.de\/wp-content\/uploads\/2015\/03\/bannerweihe_19301-150x82.jpg 150w, https:\/\/www.rv-eile.de\/wp-content\/uploads\/2015\/03\/bannerweihe_19301.jpg 600w\" sizes=\"(max-width: 527px) 100vw, 527px\" \/><\/a><\/p>\n<p>Knapp sechs Jahre nach seiner Gr\u00fcndung wurde der Verein 1933 von den Nazis verboten. Das Banner wurde damals von Feuerwehrleuten in Sicherheit gebracht.<\/p>\n<p>Es sollte 54 Jahre dauern, bis bei Aufr\u00e4umungsarbeiten im Ger\u00e4tehaus der Degerschlachter Feuerwehr die alte Standarte wieder entdeckt wurde. Nach einem Feuerwehrfest sa\u00dfen eine Hand voll Degerschlachter beisammen und beschlossen, aus einer spontanen Idee geboren, den Radfahrverein Eile Degerschlacht wieder zu gr\u00fcnden. In einem handschriftlichen Gr\u00fcndungsprotokoll, verfasst in der Nacht vom 6.7.1987 im Garten von Willi Walker, zeugen 15 Unterschriften von einer ordnungsgem\u00e4\u00dfen Vereinsgr\u00fcndung, deren Eintragung beim Amtsgericht und Aufnahme in den Radsportverband und den w\u00fcrttembergischen Landessportbund nun nichts mehr im Wege stehen konnte.<\/p>\n<p>&nbsp;<\/p>\n<p>Nur wenige Wochen sp\u00e4ter, am 27.8.1987, pr\u00e4sentierte sich unser Verein erstmals der \u00d6ffentlichkeit und veranstaltete die Radtouristikveranstaltung &#8222;RUND UM DEGERSCHLACHT&#8220;, eine Orientierungsfahrt f\u00fcr Familien. Genau 100 Teilnehmer konnten mobilisiert werden, von denen einige als neue Mitglieder gewonnen werden konnten.Das war der Wiederbeginn einer erfolgreichen Vereinsgeschichte. Heute hat der Verein \u00fcber 180 Mitglieder. Neben der sportlichen Bet\u00e4tigung per Rad stehen nicht nur regelm\u00e4\u00dfig bedeutende Radsport-Events, sondern vor allem jede Menge Spa\u00df rund um den geliebten Drahtesel im Vordergrund.<\/p>\n<p><a href=\"https:\/\/www.rv-eile.de\/wp-content\/uploads\/2015\/03\/Orientierungsfahrt1.jpg\" class=\"grouped_elements\" rel=\"tc-fancybox-group58\"><img loading=\"lazy\" decoding=\"async\" class=\"aligncenter size-full wp-image-306\" src=\"https:\/\/www.rv-eile.de\/wp-content\/uploads\/2015\/03\/Orientierungsfahrt1.jpg\" alt=\"Orientierungsfahrt\" width=\"700\" height=\"545\" srcset=\"https:\/\/www.rv-eile.de\/wp-content\/uploads\/2015\/03\/Orientierungsfahrt1.jpg 700w, https:\/\/www.rv-eile.de\/wp-content\/uploads\/2015\/03\/Orientierungsfahrt1-150x117.jpg 150w, https:\/\/www.rv-eile.de\/wp-content\/uploads\/2015\/03\/Orientierungsfahrt1-300x234.jpg 300w\" sizes=\"(max-width: 700px) 100vw, 700px\" \/><\/a><\/p>\n<p>&nbsp;<\/p>\n","protected":false},"excerpt":{"rendered":"<p>Der Radverein EILE Degerschlacht e.V. wurde urspr\u00fcnglich bereits 1926 gegr\u00fcndet. Am 30. Mai 1930 fand dann eine feierliche Bannerweihe statt, anl\u00e4sslich deren sich die Festgesellschaft zu einem Gruppenfoto versammelte. &nbsp; [&hellip;]<\/p>\n","protected":false},"author":1,"featured_media":0,"parent":0,"menu_order":0,"comment_status":"closed","ping_status":"closed","template":"","meta":{"footnotes":""},"myctp_categories":[31,30,29],"myctp_tags":[52,32,50,49,41,46,51,48],"_links":{"self":[{"href":"https:\/\/www.rv-eile.de\/index.php\/wp-json\/wp\/v2\/pages\/58"}],"collection":[{"href":"https:\/\/www.rv-eile.de\/index.php\/wp-json\/wp\/v2\/pages"}],"about":[{"href":"https:\/\/www.rv-eile.de\/index.php\/wp-json\/wp\/v2\/types\/page"}],"author":[{"embeddable":true,"href":"https:\/\/www.rv-eile.de\/index.php\/wp-json\/wp\/v2\/users\/1"}],"replies":[{"embeddable":true,"href":"https:\/\/www.rv-eile.de\/index.php\/wp-json\/wp\/v2\/comments?post=58"}],"version-history":[{"count":2,"href":"https:\/\/www.rv-eile.de\/index.php\/wp-json\/wp\/v2\/pages\/58\/revisions"}],"predecessor-version":[{"id":307,"href":"https:\/\/www.rv-eile.de\/index.php\/wp-json\/wp\/v2\/pages\/58\/revisions\/307"}],"wp:attachment":[{"href":"https:\/\/www.rv-eile.de\/index.php\/wp-json\/wp\/v2\/media?parent=58"}],"wp:term":[{"taxonomy":"myctp_categories","embeddable":true,"href":"https:\/\/www.rv-eile.de\/index.php\/wp-json\/wp\/v2\/myctp_categories?post=58"},{"taxonomy":"myctp_tags","embeddable":true,"href":"https:\/\/www.rv-eile.de\/index.php\/wp-json\/wp\/v2\/myctp_tags?post=58"}],"curies":[{"name":"wp","href":"https:\/\/api.w.org\/{rel}","templated":true}]}}

<p>Der Radverein EILE Degerschlacht e.V. wurde ursprünglich bereits 1926 gegründet. Am 30. Mai 1930 fand dann eine feierliche Bannerweihe statt, anlässlich deren sich die Festgesellschaft zu einem Gruppenfoto versammelte.</p>
<p>&nbsp;</p>
<p><a href="https://www.rv-eile.de/wp-content/uploads/2015/03/bannerweihe_19301.jpg" class="grouped_elements" rel="tc-fancybox-group58"><img loading="lazy" decoding="async" class="aligncenter  wp-image-304" src="https://www.rv-eile.de/wp-content/uploads/2015/03/bannerweihe_19301-300x164.jpg" alt="bannerweihe_1930" width="527" height="288" srcset="https://www.rv-eile.de/wp-content/uploads/2015/03/bannerweihe_19301-300x164.jpg 300w, https://www.rv-eile.de/wp-content/uploads/2015/03/bannerweihe_19301-150x82.jpg 150w, https://www.rv-eile.de/wp-content/uploads/2015/03/bannerweihe_19301.jpg 600w" sizes="(max-width: 527px) 100vw, 527px" /></a></p>
<p>Knapp sechs Jahre nach seiner Gründung wurde der Verein 1933 von den Nazis verboten. Das Banner wurde damals von Feuerwehrleuten in Sicherheit gebracht.</p>
<p>Es sollte 54 Jahre dauern, bis bei Aufräumungsarbeiten im Gerätehaus der Degerschlachter Feuerwehr die alte Standarte wieder entdeckt wurde. Nach einem Feuerwehrfest saßen eine Hand voll Degerschlachter beisammen und beschlossen, aus einer spontanen Idee geboren, den Radfahrverein Eile Degerschlacht wieder zu gründen. In einem handschriftlichen Gründungsprotokoll, verfasst in der Nacht vom 6.7.1987 im Garten von Willi Walker, zeugen 15 Unterschriften von einer ordnungsgemäßen Vereinsgründung, deren Eintragung beim Amtsgericht und Aufnahme in den Radsportverband und den württembergischen Landessportbund nun nichts mehr im Wege stehen konnte.</p>
<p>&nbsp;</p>
<p>Nur wenige Wochen später, am 27.8.1987, präsentierte sich unser Verein erstmals der Öffentlichkeit und veranstaltete die Radtouristikveranstaltung &#8222;RUND UM DEGERSCHLACHT&#8220;, eine Orientierungsfahrt für Familien. Genau 100 Teilnehmer konnten mobilisiert werden, von denen einige als neue Mitglieder gewonnen werden konnten.Das war der Wiederbeginn einer erfolgreichen Vereinsgeschichte. Heute hat der Verein über 180 Mitglieder. Neben der sportlichen Betätigung per Rad stehen nicht nur regelmäßig bedeutende Radsport-Events, sondern vor allem jede Menge Spaß rund um den geliebten Drahtesel im Vordergrund.</p>
<p><a href="https://www.rv-eile.de/wp-content/uploads/2015/03/Orientierungsfahrt1.jpg" class="grouped_elements" rel="tc-fancybox-group58"><img loading="lazy" decoding="async" class="aligncenter size-full wp-image-306" src="https://www.rv-eile.de/wp-content/uploads/2015/03/Orientierungsfahrt1.jpg" alt="Orientierungsfahrt" width="700" height="545" srcset="https://www.rv-eile.de/wp-content/uploads/2015/03/Orientierungsfahrt1.jpg 700w, https://www.rv-eile.de/wp-content/uploads/2015/03/Orientierungsfahrt1-150x117.jpg 150w, https://www.rv-eile.de/wp-content/uploads/2015/03/Orientierungsfahrt1-300x234.jpg 300w" sizes="(max-width: 700px) 100vw, 700px" /></a></p>
<p>&nbsp;</p>

<p>Der Radverein EILE Degerschlacht e.V. wurde ursprünglich bereits 1926 gegründet. Am 30. Mai 1930 fand dann eine feierliche Bannerweihe statt, anlässlich deren sich die Festgesellschaft zu einem Gruppenfoto versammelte. &nbsp; [&hellip;]</p>
